s -801 (base 10) in base 5?
-11201
Convert -86 (base 15) to base 3.
-11200
-1658 (base 10) to base 16
-67a
What is 265504 (base 7) in base 6?
1023224
What is -1804 (base 9) in base 16?
-565
What is 201010 (base 3) in base 8?
1004
-412122 (base 5) to base 16
-3464
-1a66 (base 11) to base 10
-2613
What is -a3a (base 11) in base 13?
-755
What is 40541 (base 8) in base 13?
7806
5873 (base 12) to base 10
9879
What is 141c (base 15) in base 4?
1003032
Convert 77464 (base 8) to base 3.
1122200002
What is 394 (base 16) in base 15?
411
Convert 472 (base 12) to base 4.
22112
-220021 (base 3) to base 8
-1217
Convert -21013330 (base 4) to base 3.
-1220021011
-110000010010 (base 2) to base 12
-1956
What is -11707 (base 10) in base 2?
-10110110111011
-432233 (base 5) to base 10
-14693
1355 (base 6) to base 11
2a7
What is 11011001 (base 2) in base 11?
188
-111000101000 (base 2) to base 3
-11222020
Convert -350452 (base 7) to base 8.
-172303
Convert -1443 (base 6) to base 14.
-1d9
-6589 (base 12) to base 14
-4117
-100011100101011 (base 2) to base 9
-26883
Convert -10002 (base 3) to base 11.
-76
What is 313101 (base 5) in base 12?
6029
Convert 22303 (base 4) to base 15.
311
Convert -d87 (base 16) to base 14.
-1395
4016 (base 7) to base 2
10101101001
Convert 1650 (base 9) to base 16.
4ec
What is -23310000 (base 4) in base 12?
-24000
280 (base 13) to base 5
3232
Convert 76e (base 16) to base 9.
2543
What is 2a6 (base 12) in base 16?
19e
What is 1ab1 (base 15) in base 11?
4395
What is -18892 (base 11) in base 15?
-7c23
463 (base 13) to base 2
1011110101
250422 (base 6) to base 3
1010102212
What is -102021120 (base 4) in base 6?
-1332040
Convert 17454 (base 8) to base 3.
101221120
Convert -133022 (base 5) to base 4.
-1110023
Convert -12211210 (base 3) to base 13.
-1c29
-101110001000 (base 2) to base 15
-d1c
49e0 (base 16) to base 7
106065
What is -392a (base 13) in base 15?
-2633
What is 13b (base 12) in base 9?
232
Convert 105 (base 6) to base 7.
56
What is -10100001 (base 2) in base 8?
-241
a8 (base 12) to base 8
200
Convert -11110100001001 (base 2) to base 16.
-3d09
What is 121110 (base 3) in base 8?
674
What is -203 (base 5) in base 15?
-38
Convert -4a7 (base 11) to base 6.
-2441
What is 1624 (base 11) in base 14?
a8b
What is 7b4 (base 14) in base 7?
4314
What is 35431 (base 6) in base 12?
2b77
Convert -1100110011 (base 2) to base 14.
-427
7531 (base 9) to base 10
5536
What is -2401 (base 8) in base 5?
-20111
1115 (base 9) to base 2
1100111000
-3120 (base 4) to base 8
-330
What is -1edd (base 15) in base 11?
-5071
3322 (base 7) to base 16
4a8
What is -aaa (base 13) in base 5?
-24310
Convert -18871 (base 12) to base 10.
-35797
1030154 (base 6) to base 13
1a065
1acf (base 16) to base 8
15317
-111404 (base 5) to base 3
-12110101
Convert c959 (base 14) to base 3.
1202200211
What is -37c0 (base 15) in base 3?
-121022000
1001301 (base 4) to base 3
12202220
344104 (base 6) to base 13
1050a
36858 (base 11) to base 15
10a45
What is -201102 (base 3) in base 4?
-20030
Convert 212113 (base 5) to base 14.
2874
2236 (base 9) to base 8
3165
-122122022 (base 3) to base 9
-18568
What is 22603 (base 7) in base 2?
1011010011001
Convert -1552 (base 8) to base 13.
-523
What is 764 (base 11) in base 14?
497
Convert -9398 (base 11) to base 9.
-18062
Convert 130 (base 7) to base 11.
64
What is -10130001 (base 4) in base 12?
-a629
-22404 (base 6) to base 10
-3172
What is 6432 (base 7) in base 2?
100011100101
What is -1010010100111000 (base 2) in base 14?
-115b2
What is 2322 (base 5) in base 13?
1cc
71167 (base 8) to base 15
8a38
Convert 731 (base 11) to base 5.
12011
1010100111010001 (base 2) to base 10
43473
Convert 2025 (base 6) to base 15.
1ee
3496 (base 11) to base 3
20021201
What is 13 (base 4) in base 14?
7
1415 (base 6) to base 5
2441
1033550 (base 6) to base 15
1036c
-105cb (base 14) to base 5
-2231300
What is -103144 (base 6) in base 15?
-27ad
-151356 (base 7) to base 5
-1414333
What is 21621 (base 10) in base 9?
32583
Convert -546 (base 7) to base 15.
-139
What is -912 (base 12) in base 9?
-1715
Convert 2899 (base 11) to base 13.
1917
107 (base 8) to base 13
56
What is 307 (base 14) in base 6?
2431
Convert -219 (base 11) to base 7.
-523
What is -80781 (base 9) in base 2?
-1100111110001000
What is -55301 (base 6) in base 8?
-16765
Convert 2b2 (base 16) to base 5.
10230
-220010221 (base 3) to base 2
-100010011000010
240 (base 8) to base 6
424
Convert -2104133 (base 5) to base 15.
-a52d
37 (base 11) to base 12
34
776 (base 11) to base 9
1243
What is 110011111011 (base 2) in base 5?
101243
What is -535 (base 10) in base 13?
-322
What is 53253 (base 6) in base 5?
212413
Convert -3178 (base 9) to base 12.
-142b
23735 (base 8) to base 5
311310
-2a9 (base 13) to base 3
-122200
What is 4324 (base 11) in base 5?
140323
2043 (base 8) to base 4
100203
Convert -216 (base 13) to base 10.
-357
Convert -218b (base 12) to base 5.
-104312
Convert 111001011 (base 2) to base 8.
713
-11220111 (base 3) to base 6
-24321
Convert -1313425 (base 6) to base 11.
-4a186
Convert 242 (base 13) to base 5.
3032
Convert -10001111001 (base 2) to base 6.
-5145
What is -67066 (base 9) in base 11?
-30501
Convert -27545 (base 8) to base 11.
-9130
Convert -23210 (base 6) to base 9.
-4486
-11417 (base 8) to base 11
-3736
What is -200e (base 15) in base 10?
-6764
8538 (base 15) to base 16
6e12
What is -137d (base 14) in base 9?
-4645
Convert 255012 (base 7) to base 12.
23493
What is 13031 (base 6) in base 13?
b80
What is -10452 (base 7) in base 2?
-101001001010
-49e (base 15) to base 16
-419
104 (base 9) to base 15
5a
What is dd (base 14) in base 4?
3003
Convert -10101011011 (base 2) to base 14.
-6dd
Convert -10000012012 (base 3) to base 2.
-1110011100110101
What is 1121122 (base 3) in base 6?
5242
What is 13c6 (base 13) in base 5?
42431
632 (base 8) to base 13
257
Convert -12301 (base 4) to base 13.
-274
What is 32255 (base 6) in base 5?
120202
What is -12272 (base 15) in base 9?
-87418
Convert -3073 (base 8) to base 14.
-81d
Convert 263 (base 14) to base 5.
3404
What is 403 (base 8) in base 5?
2014
What is 2b8 (base 14) in base 15?
26e
What is 173a6 (base 11) in base 15?
7392
Convert -43aa (base 11) to base 16.
-16af
-105150 (base 8) to base 10
-35432
1497 (base 11) to base 6
12521
Convert 20888 (base 10) to base 12.
10108
-514 (base 16) to base 15
-5ba
Convert 776 (base 13) to base 10.
1280
-2030311 (base 4) to base 6
-105421
Convert -6623 (base 7) to base 10.
-2369
What is 1010101110001 (base 2) in base 7?
22001
849 (base 10) to base 7
2322
262 (base 13) to base 15
1cd
What is 111101100 (base 2) in base 9?
606
What is 289 (base 15) in base 2?
1001000011
1021022 (base 3) to base 9
1238
What is 2040 (base 7) in base 15?
329
4212 (base 10) to base 11
318a
What is 526 (base 7) in base 4?
10021
1c64 (base 13) to base 7
15362
Convert -6358 (base 12) to base 2.
-10101001110100
102221010 (base 3) to base 16
21f9
What is 42a4 (base 12) in base 3?
101001021
20202 (base 4) to base 10
546
Convert -a20 (base 12) to base 10.
-1464
Convert 109 (base 15) to base 5.
1414
What is -7642 (base 16) in base 5?
-1432044
What is 10132 (base 4) in base 3?
101121
-12201 (base 5) to base 14
-4a2
12010 (base 3) to base 15
93
What is -254 (base 7) in base 15?
-92
111303 (base 4) to base 9
1820
Convert -5040 (base 14) to base 4.
-3113100
Convert 10311 (base 4) to base 3.
102110
Convert -255 (base 14) to base 11.
-395
Convert -837 (base 13) to base 14.
-71c
What is -1801 (base 11) in base 2?
-100011111100
3127 (base 11) to base 7
15036
What is -1a39 (base 16) in base 11?
-5053
What is 32 (base 11) in base 6?
55
What is -214 (base 16) in base 11?
-444
What is -102557 (base 8) in base 4?
-20111233
Convert bd8 (base 15) to base 5.
41203
-35b8 (base 14) to base 6
-111222
What is -651 (base 14) in base 3?
-1201012
Convert 319 (base 14) to base 3.
211122
1235 (base 6) to base 5
2221
What is 7579 (base 12) in base 9?
18633
-76 (base 16) to base 9
-141
-20a0 (base 14) to base 12
-3310
Convert -2300303 (base 5) to base 2.
-1001111011111111
What is -3 (base 14) in base 4?
-3
Convert 27675 (base 8) to base 3.
121202122
-61342 (base 8) to base 3
-1021201120
-61b (base 12) to base 11
-737
Convert -39 (base 11) to base 12.
-36
-100100000001001 (base 2